of (-7 - (-66)/12) + (-5122)/(-4).
1279
Let i be (-2)/6 - (-178)/3 - 2. Let w = i + 22. List the prime factors of w.
79
Let w be 9/45 - 1/5. What are the prime factors of 71 + w + 4/(-1)?
67
Let i(q) = q**2 + 3*q - 18. Let w(f) = 5*f**3 - 4 - 3*f - 7*f**2 + 4*f - 6*f**3. Let j be w(-7). List the prime factors of i(j).
2, 5, 7
List the prime factors of 11*(-16)/(-20)*5.
2, 11
Let x(h) = h - 2. Let z be x(5). Suppose z*u + 5*d = 182, 2*d + 2 = -2. What are the prime factors of u?
2
Suppose 5*k = 72 - 17. Suppose 0 = k*f - 10*f - 105. List the prime factors of f.
3, 5, 7
Suppose -4*i + 577 = 4*y - 863, 5*i + 2*y = 1797. What are the prime factors of i?
359
Suppose 5*k - 5*l - 2910 = 0, l - 1745 = -3*k + 5*l. List the prime factors of k.
11, 53
Suppose 0 = -3*t + 4*y - 2, 3*t - 2*t = -2*y + 6. Let q be (t - 1)/(1/4). Suppose 3*o + q*w = 43, -45 = -3*o - w - 2*w. List the prime factors of o.
17
Suppose -4*z = -12, 10*v = 11*v - 5*z - 590. List the prime factors of v.
5, 11
What are the prime factors of 1113 + (4/(-14) - (-96)/42)?
5, 223
Let j(t) = -t**3 + 11*t**2 - 15*t - 10. Let c be j(9). Suppose -c*b + 12*b = -1370. List the prime factors of b.
2, 137
Let h = -2 + 98. Suppose -4*y + 7*y = h. List the prime factors of y.
2
Let d(v) = -v + 5. Let u(p) = -p + 7. Let g(l) = -7*d(l) + 5*u(l). Let a be g(4). Suppose -h + a = 2. List the prime factors of h.
2, 3
Suppose 2*m = 3*g + 8, -5*g + 2*g - 3*m = -12. Suppose -4*v + 279 + 201 = g. What are the prime factors of v?
2, 3, 5
Suppose -r = 4*r - 340. Suppose -6*a + r = -4*a. Let d = a - 5. List the prime factors of d.
29
List the prime factors of (-5274)/(-33) + 1 - 160/(-880).
7, 23
Let f be 40 - 11 - 2/(-2). Let u = -34 - -16. Let a = f + u. List the prime factors of a.
2, 3
Let k = 29 - -1. Suppose -d + k = -16. Suppose -3*n - 2*w = w - 33, 4*w = 2*n - d. List the prime factors of n.
3, 5
Let m = -129 + 281. Let q = m + -77. List the prime factors of q.
3, 5
Let r(j) = j**3 + 14*j**2 - 4*j - 29. Let f be r(-13). Suppose 0*w = -4*p - 2*w + f, -3*p + 149 = 4*w. List the prime factors of p.
47
Let w = -101 + 223. List the prime factors of w.
2, 61
Suppose -32*j = 5*r - 35*j - 241, -2*r + 2*j + 94 = 0. List the prime factors of r.
2, 5
Let k(h) = 15*h**2 - 8*h - 2. Let r(y) = -14*y**2 + 7*y + 2. Let d(c) = -3*k(c) - 4*r(c). What are the prime factors of d(-2)?
2, 5
What are the prime factors of (16338/210)/(2/10)?
389
Let n = -1349 + 2380. List the prime factors of n.
1031
Let c = 150 + -149. Let m(j) = -54*j. Let z(y) = -675*y. Let l(t) = -63*m(t) + 5*z(t). List the prime factors of l(c).
3
Let c(z) = 2*z**2 - 3*z + 27. Suppose -6*f + 30 = -11*f. What are the prime factors of c(f)?
3, 13
Suppose -a + 6 = 2*s, -5*s + 4*a + 17 = 2. Let i(c) = -c**3 + 7*c**2 + 5*c - 21. Let o be i(7). Let m = s + o. What are the prime factors of m?
17
Let o = 5190 - 2027. List the prime factors of o.
3163
Let q(l) = 48*l - 106. What are the prime factors of q(18)?
2, 379
Let o be 6*((-130)/25)/(1/(-25)). Let p = o - 542. What are the prime factors of p?
2, 7, 17
Let t = -7 + 4. Let b(z) = z**2 + 2*z - 1. Let j be b(t). Suppose j*u - 26 = -0*u. List the prime factors of u.
13
Let q = 152 + 1140. What are the prime factors of q?
2, 17, 19
What are the prime factors of (-10945)/(-5) + (-12 + 5 - -2)?
2, 3, 7, 13
Suppose -3*i = -5*x + 1, 3 = -x + 2*i + 6. What are the prime factors of 1/x*2 - -4?
2
Let t(n) = -n - 2. Let w be t(-6). Suppose 4*q - 712 = -w*g, g - 4 = -3*g. List the prime factors of q.
3, 59
Suppose 78*u = 45*u + 66924. List the prime factors of u.
2, 3, 13
Let t be 7/(-6) - -1 - 8225/(-282). Suppose -30*x + t*x = -181. What are the prime factors of x?
181
Suppose 11*n - 35 = 4*n. Suppose -5*y = -2*a - 685, 3*y - n*a - 425 = -a. What are the prime factors of y?
3, 5
Let l = -3713 + 6091. What are the prime factors of l?
2, 29, 41
Let g(y) = -4*y + 10. What are the prime factors of g(-33)?
2, 71
Suppose 2*y - 167 - 827 = -2*m, 4*m = -2*y + 1998. What are the prime factors of m?
2, 251
Let y be ((-17)/(-7) - 1)*35. Suppose 2*m + 5*z - z = 20, -y = -3*m + 4*z. What are the prime factors of m?
2, 7
Let b(c) = -c**2 - 16*c + 19. Let r(s) = s**2 + 9*s - 1. Let x be r(-7). List the prime factors of b(x).
2, 17
Let c(t) = -t**3 + 5*t**2 + 3*t - 13. Let n be c(6). Let z = 144 - n. What are the prime factors of z?
5, 7
Let s(g) = 1735*g**2 - 1722*g**2 - 7*g + 11 - 3 - g**3. What are the prime factors of s(6)?
2, 109
Suppose -5*d + 2*d = 3. Let i be (-8)/(d/2 - 0). Let l = -13 + i. List the prime factors of l.
3
Let l(o) = -6*o - 16. Let r be l(-4). Let f(h) = 5*h**2 - 2*h + 19. What are the prime factors of f(r)?
17, 19
Let d(f) = -f**3 - 6*f**2 - f + 6. Suppose -t + 0*l - l = 3, 0 = -5*l + 15. Let u be d(t). Let q = 19 - u. What are the prime factors of q?
7
Let d(y) be the first derivative of -41*y**4/4 - y**2/2 - y - 36. Suppose -v + 3 = -4*v. What are the prime factors of d(v)?
41
Let a(n) = -11*n - 7. Suppose 10 = 5*w + 4*m + 25, 2*m + 18 = -4*w. List the prime factors of a(w).
2, 5, 7
Let k(n) = -n**3 + 7*n**2 + 2*n + 8. Let h(c) = -6*c**3 + 35*c**2 + 9*c + 41. Let j(i) = -2*h(i) + 11*k(i). Let q = -6 - 0. What are the prime factors of j(q)?
2, 3
Suppose -72 - 12 = 7*t. List the prime factors of (8000/15)/4 + 4/t.
7, 19
Suppose -8*i = -5*i - 9. Suppose i*c + 7 = 19. Suppose -c*k - 8 = -0*k, 0 = -4*h + 3*k + 218. What are the prime factors of h?
53
Let t(b) = b**3 - 23*b**2 + 66*b + 27. What are the prime factors of t(20)?
3, 7
Suppose 3*o - 2349 + 492 = 0. Let r = -422 + o. Suppose 3*d + 2*j + 142 = 5*d, -r = -3*d - j. What are the prime factors of d?
67
Let y(n) = 184*n**2 + 8*n + 9. What are the prime factors of y(2)?
761
Suppose -a - 12 = -3*n, a - 2*a - 9 = -2*n. Suppose -4*p + 549 = n*q, 0 = -p + 2*q + 28 + 112. What are the prime factors of p?
2, 3, 23
Let r be 60/18*6/(-4). Let x be (-74)/3 - (-3)/(-9). List the prime factors of (-510)/x*r/(-2).
3, 17
Suppose -s = 17 - 71. Suppose -s = -7*h + 5*h. List the prime factors of h.
3
Suppose -5*s - s = 0. Suppose -5*i - 3*n + 238 = s, 2*i - 4*n = 3*i - 51. What are the prime factors of i?
47
List the prime factors of (-3)/8 + 5 + (-97775)/(-40).
31, 79
Suppose 1180 = 3*u + 14*o - 19*o, -2 = -2*o. What are the prime factors of u?
5, 79
Let n(o) = -71*o - 237. What are the prime factors of n(-11)?
2, 17
Let i = 1 - -2. Suppose a - i*f = -4, 0*a + 23 = -3*a - 2*f. Let m(t) = t**3 + 8*t**2 + 2*t + 6. List the prime factors of m(a).
41
Let a = 2913 - 1849. What are the prime factors of a?
2, 7, 19
Let w be (4/6)/(8/60). Let y(d) = 96*d**2 - 9*d + 7. Let g(s) = 144*s**2 - 13*s + 10. Let h(m) = w*g(m) - 7*y(m). List the prime factors of h(1).
47
Let t = 3217 - 810. List the prime factors of t.
29, 83
Let m = 23 - 21. Suppose 191 + 94 = 3*l + 3*w, -195 = -m*l - 3*w. What are the prime factors of l?
2, 3, 5
Let m be -3*2/12*-358. Suppose -d - 3*r + m = -0*d, 4*r - 179 = -d. Let x = d + -122. What are the prime factors of x?
3, 19
Suppose -25*c + 3211 = -27614. List the prime factors of c.
3, 137
Let h(s) be the first derivative of 2*s**2 - s + 5. Let p be h(5). Suppose 23 = k + 2*i, 5*k + i = 123 + p. List the prime factors of k.
29
What are the prime factors of ((-762)/9)/((-10)/165)?
11, 127
Suppose -3*j - 123 = t - 400, 0 = 2*t - 3*j - 536. List the prime factors of t.
271
Suppose -4*v - 14324 = -3*t, 148*t + 14326 = 151*t - 5*v. List the prime factors of t.
2, 1193
Let j = 16 - -44. Let a be -1 + (2 - -1) + j. Suppose -2*i = -160 + a. What are the prime factors of i?
7
Let l = 5 - 7. Let z be l/(176/92 + -2). Suppose -g + z = 2*i - 50, -3*i + 2*g + 106 = 0. List the prime factors of i.
2, 3
Suppose k + 2*k = -2*i + 20, 0 = i - 5*k + 16. Suppose 2*o + i*y - 120 = 302, -2*o + 5*y + 458 = 0. List the prime factors of o.
3, 73
Let j = -17 + 27. Let k be 42/4 - 15/j. Suppose k*b + 6 = 11*b. What are the prime factors of b?
3
List the prime factors of (-2996)/(-6) + (-3)/9 + 1.
2, 5
Let m(g) = -1 + 1 - 21*g - 25*g + 15. List the prime factors of m(-3).
3, 17
Suppose -5*h + 10*h + 5*t - 795 = 0, -h = 4*t - 174. Let j = -50 + h. List the prime factors of j.
2, 13
Suppose -5*w = -2*f + 7, -3*f + f + 6 = -4*w. Let m be 2 + (-1)/w*3. Let o(h) = -h**3 + 8*h**2 - 3*h - 2. Wh